2
What is the remainder when 257 is divided by 64?
1
Calculate the remainder when 682 is divided by 41.
26
What is the remainder when 1003 is divided by 168?
163
What is the remainder when 998 is divided by 11?
8
What is the remainder when 1637 is divided by 20?
17
Calculate the remainder when 2910 is divided by 80.
30
Calculate the remainder when 1263 is divided by 248.
23
What is the remainder when 154 is divided by 45?
19
Calculate the remainder when 2657 is divided by 70.
67
What is the remainder when 718 is divided by 40?
38
Calculate the remainder when 217 is divided by 55.
52
What is the remainder when 2588 is divided by 70?
68
What is the remainder when 246 is divided by 80?
6
Calculate the remainder when 280 is divided by 57.
52
Calculate the remainder when 8095 is divided by 2018.
23
Calculate the remainder when 2495 is divided by 32.
31
Calculate the remainder when 460 is divided by 175.
110
What is the remainder when 4027 is divided by 62?
59
What is the remainder when 221 is divided by 16?
13
Calculate the remainder when 209 is divided by 5.
4
Calculate the remainder when 2265 is divided by 18.
15
Calculate the remainder when 1277 is divided by 16.
13
Calculate the remainder when 1780 is divided by 119.
114
What is the remainder when 107 is divided by 107?
0
Calculate the remainder when 124 is divided by 24.
4
What is the remainder when 205 is divided by 13?
10
What is the remainder when 69 is divided by 54?
15
Calculate the remainder when 377 is divided by 38.
35
Calculate the remainder when 185 is divided by 52.
29
Calculate the remainder when 16552 is divided by 55.
52
Calculate the remainder when 97 is divided by 86.
11
What is the remainder when 2063 is divided by 95?
68
Calculate the remainder when 180 is divided by 39.
24
What is the remainder when 224 is divided by 46?
40
Calculate the remainder when 971 is divided by 125.
96
Calculate the remainder when 508 is divided by 491.
17
Calculate the remainder when 115 is divided by 42.
31
Calculate the remainder when 157 is divided by 34.
21
Calculate the remainder when 383 is divided by 382.
1
Calculate the remainder when 166 is divided by 88.
78
Calculate the remainder when 260 is divided by 14.
8
Calculate the remainder when 421 is divided by 33.
25
Calculate the remainder when 8557 is divided by 2138.
5
What is the remainder when 305 is divided by 44?
41
Calculate the remainder when 238 is divided by 4.
2
What is the remainder when 1 is divided by 1?
0
What is the remainder when 446 is divided by 129?
59
Calculate the remainder when 60 is divided by 24.
12
What is the remainder when 563 is divided by 23?
11
What is the remainder when 661 is divided by 21?
10
What is the remainder when 231 is divided by 61?
48
Calculate the remainder when 106 is divided by 24.
10
What is the remainder when 391 is divided by 11?
6
Calculate the remainder when 604 is divided by 8.
4
Calculate the remainder when 6791 is divided by 151.
147
What is the remainder when 959 is divided by 60?
59
What is the remainder when 275 is divided by 92?
91
What is the remainder when 67 is divided by 23?
21
What is the remainder when 3129 is divided by 27?
24
What is the remainder when 355 is divided by 8?
3
What is the remainder when 25 is divided by 21?
4
Calculate the remainder when 838 is divided by 28.
26
Calculate the remainder when 2754 is divided by 24.
18
Calculate the remainder when 2246 is divided by 225.
221
Calculate the remainder when 212 is divided by 27.
23
Calculate the remainder when 252 is divided by 46.
22
What is the remainder when 166 is divided by 13?
10
What is the remainder when 45 is divided by 7?
3
Calculate the remainder when 11996 is divided by 169.
166
Calculate the remainder when 188 is divided by 57.
17
Calculate the remainder when 52 is divided by 18.
16
Calculate the remainder when 45 is divided by 5.
0
What is the remainder when 166 is divided by 50?
16
What is the remainder when 1286 is divided by 86?
82
Calculate the remainder when 425 is divided by 40.
25
What is the remainder when 26 is divided by 14?
12
What is the remainder when 1727 is divided by 133?
131
Calculate the remainder when 3841 is divided by 21.
19
Calculate the remainder when 1017 is divided by 64.
57
Calculate the remainder when 48 is divided by 27.
21
What is the remainder when 521 is divided by 114?
65
What is the remainder when 1021 is divided by 20?
1
What is the remainder when 1397 is divided by 58?
5
What is the remainder when 394 is divided by 135?
124
What is the remainder when 112 is divided by 101?
11
Calculate the remainder when 131 is divided by 3.
2
What is the remainder when 17 is divided by 15?
2
What is the remainder when 121 is divided by 34?
19
What is the remainder when 551 is divided by 186?
179
Calculate the remainder when 164 is divided by 34.
28
What is the remainder when 2480 is divided by 42?
2
Calculate the remainder when 256 is divided by 98.
60
What is the remainder when 5341 is divided by 198?
193
Calculate the remainder when 618 is divided by 65.
33
Calculate the remainder when 1986 is divided by 8.
2
Calculate the remainder when 158 is divided by 157.
1
What is the remainder when 114 is divided by 20?
14
Calculate the remainder when 243 is divided by 242.
1
What is the remainder when 260 is divided by 79?
23
Calculate the remainder when 624 is divided by 120.
24
What is the remainder when 382 is divided by 176?
30
Calculate the remainder when 236 is divided by 94.
48
What is the remainder when 1636 is divided by 91?
89
What is the remainder when 501 is divided by 72?
69
What is the remainder when 230 is divided by 21?
20
Calculate the remainder when 530 is divided by 83.
32
What is the remainder when 5189 is divided by 118?
115
Calculate the remainder when 402 is divided by 81.
78
Calculate the remainder when 231 is divided by 223.
8
What is the remainder when 73994 is divided by 15?
14
What is the remainder when 4351 is divided by 66?
61
What is the remainder when 50 is divided by 28?
22
Calculate the remainder when 447 is divided by 14.
13
What is the remainder when 33481 is divided by 181?
177
What is the remainder when 1437 is divided by 68?
9
Calculate the remainder when 425 is divided by 109.
98
What is the remainder when 1185 is divided by 54?
51
Calculate the remainder when 982 is divided by 26.
20
What is the remainder when 18424 is divided by 37?
35
Calculate the remainder when 2435 is divided by 20.
15
What is the remainder when 66 is divided by 12?
6
Calculate the remainder when 3246 is divided by 16.
14
Calculate the remainder when 229 is divided by 23.
22
What is the remainder when 1749 is divided by 248?
13
Calculate the remainder when 230 is divided by 62.
44
Calculate the remainder when 347 is divided by 112.
11
What is the remainder when 448 is divided by 103?
36
Calculate the remainder when 1576 is divided by 44.
36
What is the remainder when 149 is divided by 45?
14
Calculate the remainder when 156 is divided by 14.
2
Calculate the remainder when 152 is divided by 2.
0
What is the remainder when 163 is divided by 131?
32
Calculate the remainder when 96 is divided by 14.
12
Calculate the remainder when 239 is divided by 157.
82
What is the remainder when 19 is divided by 2?
1
Calculate the remainder when 15353 is divided by 5114.
11
Calculate the remainder when 676 is divided by 43.
31
What is the remainder when 217 is divided by 103?
11
What is the remainder when 1098 is divided by 363?
9
What is the remainder when 375 is divided by 57?
33
Calculate the remainder when 221 is divided by 8.
5
What is the remainder when 212 is divided by 31?
26
Calculate the remainder when 1363 is divided by 274.
267
Calculate the remainder when 1281 is divided by 76.
65
Calculate the remainder when 348 is divided by 14.
12
What is the remainder when 6159 is divided by 55?
54
Calculate the remainder when 69 is divided by 8.
5
Calculate the remainder when 395 is divided by 81.
71
Calculate the remainder when 778 is divided by 41.
40
What is the remainder when 9634 is divided by 79?
75
What is the remainder when 548 is divided by 138?
134
What is the remainder when 47 is divided by 7?
5
Calculate the remainder when 395 is divided by 80.
75
What is the remainder when 38 is d